3 - c. Suppose t*b + 2*b = 576. What is the units digit of b?
2
Suppose 4*r = 20, -4*b + 0*r = 4*r - 32228. What is the tens digit of b?
5
Let l(u) = 2*u**3 - 37*u**2 - 92*u - 21. What is the units digit of l(21)?
2
Suppose -l + 5*d = -3*l - 165, 0 = -4*l + d - 297. Let y = 78 + l. What is the tens digit of (y/2)/((-3 - -6)/30)?
1
Let w(b) = 195*b**3 - 2*b**2 - 9*b - 6. Let z be w(-1). Let r be 729/2 + 9/(-6). Let l = r + z. What is the units digit of l?
9
Suppose 292 = 4*g - 124. Let u = -135 + g. What is the hundreds digit of u/(3 - 39/12)*1?
1
Let i(y) = 24*y + 9. Suppose -5*t = -3*m + 48, 4 + 32 = 3*m - t. Let a be (-2)/(-11) + 53/m. What is the tens digit of i(a)?
2
Let j(s) = 4*s - 16. Let v be j(5). Suppose -y - v*a + 109 = -0, 5*y - 596 = -3*a. Let r = y - -56. What is the units digit of r?
7
Let g be (-110)/(-6) + 7/63*-3. Let b = 141 + g. Suppose -246 = -3*f + b. What is the tens digit of f?
3
Suppose 0 = -8*d - 4*v + 128080, d + 17*v - 18*v = 16001. What is the hundreds digit of d?
0
Let v(i) = i**2 - 21*i - 45. Let r be v(23). Let d(p) = 39*p + 4. What is the units digit of d(r)?
3
Let l be -3 + -10*2/(-4). Let y be (l - 0)/2 + (168 - -5). Suppose -5*q + g = -y, -3*q = -2*q - 2*g - 33. What is the tens digit of q?
3
Let o(s) be the second derivative of -s**5/20 + 5*s**4/12 - 5*s**3/6 + 7*s**2/2 - 5*s. Let h be o(4). What is the tens digit of 62 - (1/1 + h)?
5
Let b = 134 + -153. Suppose -5*t = -2*l - 202 - 30, -3*t = -5*l - 143. Let q = b + t. What is the tens digit of q?
2
Suppose -306 = 3*x - 5*x. Let u be (-5 + 6)/1 + 2. Suppose -x = -u*h - 3*p + p, -5*h + 260 = 5*p. What is the tens digit of h?
4
Let z(l) = -4*l**3 - 205*l**2 - 18*l - 73. What is the thousands digit of z(-52)?
8
Suppose -14*w - 16 = -10*w, 3*g = -5*w - 2. Let c = 5 + -5. Suppose c = 7*z - g*z - 152. What is the units digit of z?
2
Suppose -2*h - 257 = -857. Suppose h*p = 297*p + 1422. What is the hundreds digit of p?
4
Let f(w) = -w**3 - 29*w**2 + 7*w + 21. Let u be f(-29). Let p = 367 + u. What is the units digit of p?
5
Suppose 0*v = v - 34. Suppose 0 = -v*a + 3508 + 12948. What is the hundreds digit of a?
4
Suppose -42*t + 539 + 5029 = -41*t. What is the hundreds digit of t?
5
Suppose -8*j + 40453 - 7981 = 0. What is the tens digit of j?
5
Suppose 3*g + 99 = -81. Suppose 4*v + 0*v = 2*m - 202, v = 4. Let w = g + m. What is the tens digit of w?
4
Let b(z) = -839*z - 640. What is the tens digit of b(-14)?
0
Let g(x) = x + 1. Suppose -22 = -2*y - 24. Let j be g(y). Suppose -4*k - 341 = -9*k + 3*o, k + 4*o - 82 = j. What is the tens digit of k?
7
Let s be (-10 - -18 - 32)*1/3. What is the tens digit of (1 - -7)/s - -901?
0
Let o(q) = 4*q + 8*q - 21*q - 17 + 4*q. Let m be o(-6). Let j(c) = c**3 - 12*c**2 - 11*c + 8. What is the tens digit of j(m)?
3
Let m(k) = 5172*k**2 + 1537*k - 4617. What is the hundreds digit of m(3)?
5
Suppose -4*z + 28652 = 4*u, 12*u - 13*u + 7175 = -z. What is the units digit of u?
9
Let q(g) = 19*g**2 - 8*g + 30. Let a = -188 + 192. What is the tens digit of q(a)?
0
What is the hundreds digit of (-4 - -6 - -2)/(18/50319)?
1
Suppose -5*b - 14*r = -17*r + 180, -3*r - 15 = 0. What is the tens digit of 14*21 + 43 + b?
9
Let y = 9291 + -2434. What is the units digit of y?
7
Suppose -r + 7*r = 36. Let i be r/2 + (-14)/14. Suppose -i*w = -145 + 49. What is the units digit of w?
8
Suppose u - 3*t - 3 = 0, 3*u - 4*t + 0*t = 4. Let d = 16 - 19. What is the tens digit of 153/(-3)*(2/d - u)?
3
Let k(m) = 4*m**2 - 83*m - 16. Let t be k(21). Let o(b) = 2*b**3 + 15*b + 9. What is the units digit of o(t)?
4
Let u = 5765 + -4856. What is the hundreds digit of u?
9
Let x = 23388 - 424. What is the tens digit of x?
6
Let m = -29869 - -59420. What is the ten thousands digit of m?
2
Suppose -726596 = -612*r + 599*r. What is the hundreds digit of r?
8
Let v = 19204 - 2120. What is the units digit of v?
4
Let y = -24 - -71. Suppose -4*t = -y + 7. Let g(m) = 13*m + 20. What is the tens digit of g(t)?
5
Let b = -870 - -876. Suppose 4*p = -2*a + 1044, -p + 0*a = 2*a - 258. Suppose b*w - 248 = p. What is the units digit of w?
5
Suppose 3*p - 2*p - 13 = 0. Suppose 0 = 12*y - p*y + 872. What is the units digit of (-112)/252 - y/(-18)?
8
Suppose 20*r - 8*r - 18672 = 0. Suppose -2*s = 2*o + o - 635, 5*s - 3*o - r = 0. What is the tens digit of s?
1
Let l = -1072 + 671. Let p = l + 756. What is the tens digit of p?
5
Let i = -420 - -980. Let h be -1 + 1 + 0 - -3. Suppose h*r = 8*r - i. What is the units digit of r?
2
Let g = 2597 - 1407. What is the units digit of g?
0
Let w be (21/2 - 3)/((-6)/(-4)). Suppose 5*b - 1026 = 2*d - w*d, -2*d - 627 = -3*b. What is the units digit of b?
7
Suppose -t - 15 + 17 = 0. Let u = 2 - t. Suppose -3*c + 5*n + 573 = 172, c - 5*n - 137 = u. What is the hundreds digit of c?
1
Let y = 4517 - -3538. What is the hundreds digit of y?
0
Let v be 8/(-10) + (-42)/(-15). Suppose 0*g - 3*g + 2*d - 521 = 0, 0 = 4*g + v*d + 704. Let u = g + 298. What is the units digit of u?
3
Suppose -8*n - 72 + 88 = 0. Suppose 5*p = -2*t + 3277 + 2365, -4*p + n*t + 4510 = 0. What is the tens digit of p?
2
Let q(c) = 6*c**3 - 3*c**2 - 3*c + 6. Let y be q(2). What is the units digit of ((90/4)/(-5))/((-3)/y)?
4
What is the thousands digit of (45/(-10) + 4)*(-84)/(-7) - -14750?
4
Let m(c) = 653*c - 879. What is the tens digit of m(20)?
8
Suppose -2*p + 2689 = 8*g - 3*g, 2*p + 6 = 0. Suppose 8*z = z + g. Let v = -67 + z. What is the units digit of v?
0
Suppose 3*p = 2*p + 2*n + 13, 5*p - 5*n - 55 = 0. What is the units digit of (60/p)/((-8)/(-12))?
0
What is the tens digit of 11151 + ((-12)/21)/(18/189)?
4
Let r = 30523 - 16881. What is the thousands digit of r?
3
What is the units digit of -6 - -8 - 1740/(-20)?
9
Let l(g) = g**2 - 18*g + 30. Let v be l(20). Suppose -10*d = -11*d - 66. Let b = d + v. What is the units digit of b?
4
Let r = -3134 - -6706. What is the thousands digit of r?
3
Suppose j + 5*p = -j - 31, 2*p + 13 = -j. Let d be (47 - (j - -5))/1. Suppose 2*v + d = m, -8*m + 3*m + 240 = 5*v. What is the units digit of m?
7
Let l = -21 + 9. Let s = l - -9. What is the tens digit of (-271)/s + 3/(-9)?
9
Let c(l) = 4256*l**2 - 3*l + 10. Let f be c(2). What is the hundreds digit of ((-17)/(-51))/(0 - (-4)/f)?
4
Suppose -2*i - 322 = 1818. Let z = -631 - i. What is the hundreds digit of z?
4
Let w = 41860 + -16269. What is the units digit of w?
1
Let q be (-12)/(-1)*7/((-126)/(-12)). Suppose q*l + 81 = 1393. Let g = l - 62. What is the tens digit of g?
0
Let h(n) = 994*n - 138. What is the thousands digit of h(40)?
9
Suppose 136*t - 139*t - 105 = 0. What is the units digit of (15/(t/7))/(1/(-93))?
9
Let g = -7975 + 28480. What is the ten thousands digit of g?
2
Suppose 19645 + 29652 = 14*v - 424743. What is the tens digit of v?
6
Let b be -4*2/3*(-51)/4. Let r = 27 - b. Let t(n) = n**3 + 12*n**2 + 18*n + 7. What is the tens digit of t(r)?
2
Suppose -9*q + 13*q + 452 = 0. Let k = 148 + q. What is the units digit of k?
5
Suppose 0 = -18*i + 15*i. Suppose 2*u - 59 - 385 = i. What is the tens digit of u?
2
Let a(o) = -16*o - 251. Let k(r) = -2. Let p(d) = -a(d) + 6*k(d). What is the hundreds digit of p(-5)?
1
Suppose -2*b - 54 = -4*b + 2*n, -b = 2*n - 42. Suppose 34*q - 660 = b*q. What is the units digit of q/9*(-24)/(-20)?
4
Suppose 999*k = 1000*k - 15. What is the hundreds digit of ((-36)/k)/4 - 3264/(-15)?
2
Let b be 5 - 10 - 2*-4. Suppose 2*r + b*q = 7*r - 745, -2*q + 770 = 5*r. What is the hundreds digit of r?
1
Let o = 35 + -39. Let p(a) = a**2 + a - 15. Let g be p(o). What is the tens digit of (2002/(-42))/(1/g)?
4
Suppose -3*n - 14*g = -75958, 6*g - 101344 = -4*n + 4*g. What is the hundreds digit of n?
3
Let m(h) = -95 + 138 - 65 + 91*h. What is the hundreds digit of m(6)?
5
Let s be 0 + 12/(-20) - 28032/(-20). Suppose -s = -15*r + 2379. What is the tens digit of r?
5
Suppose 4*b - 3*b + 5 = 0, 2*b - 10 = -5*g. Suppose 3*q = g*q - 374. What is the hundreds digit of q?
3
Let j = -420 + 792. Suppose 21*c = 27*c - j. Let t = c - 51. What is the tens digit of t?
1
Let a(w) = 11*w + 1. Let k be a(13). Let f = k - 139. Suppose -x + 104 = p - 142, p = -f*x + 1210. What is the hundreds digit of x?
2
Suppose 26 = 7*r + 12. Suppose -3*s = -r*k + 3*k - 3014, 3*s - 